 e - -eb3a14?
eb3a23
In base 10, what is -46 + -31287?
-31333
In base 16, what is 19d4122 - -2?
19d4124
In base 15, what is -3 + 32ab891?
32ab88d
In base 10, what is 1250762 - 3?
1250759
In base 5, what is 114004 - -1123324?
1242333
In base 3, what is 1122002111000020002 + 12?
1122002111000020021
In base 2, what is 100101010111000011000 - -1010?
100101010111000100010
In base 3, what is -10012211 - -220220202?
210200221
In base 15, what is -ee25 - 101?
-10026
In base 14, what is 21847 + 116?
2195d
In base 7, what is -5 + -152511231?
-152511236
In base 16, what is 1 - c111d0e?
-c111d0d
In base 11, what is 5 + -408089a?
-4080895
In base 8, what is 1547 + 63?
1632
In base 12, what is 10980 + -1106?
b876
In base 15, what is -19b15 + 1d0a?
-17d0a
In base 2, what is -100110101001101100000 + -1010?
-100110101001101101010
In base 7, what is 0 - -1103626256?
1103626256
In base 16, what is -d + -c52335?
-c52342
In base 15, what is -46c296 + -2?
-46c298
In base 15, what is 3ad0 - c9c?
2d33
In base 6, what is 23032052254 - 1?
23032052253
In base 7, what is 400614 + -36?
400545
In base 10, what is 19503 + 4516?
24019
In base 12, what is 489a - 2287a?
-19ba0
In base 6, what is -4455 + 3134405?
3125510
In base 12, what is 6220b + -85?
62146
In base 14, what is -d12c7 + -15?
-d12dc
In base 15, what is -5 + 16ce62?
16ce5c
In base 5, what is -114402403301 - 4?
-114402403310
In base 4, what is -1303213021203 + 23?
-1303213021120
In base 8, what is -6757566 - 105?
-6757673
In base 14, what is -6158 - 43a?
-6594
In base 4, what is 1302 - -310223130?
310231032
In base 12, what is 2 - 19554873?
-19554871
In base 3, what is 1000112211 + 202?
1000120120
In base 5, what is 1 - -1101411032?
1101411033
In base 6, what is -1024 + -301113?
-302141
In base 3, what is -1100020000001221012 - -12?
-1100020000001221000
In base 3, what is 202122202111 + -2?
202122202102
In base 12, what is -784b + 3218?
-4633
In base 13, what is 7c48 - -7c?
7cc7
In base 7, what is -15 - -465333025?
465333010
In base 16, what is -13 - 8560?
-8573
In base 15, what is -26e35 - 8?
-26e3d
In base 14, what is -152c - -249d?
d71
In base 6, what is 405441 + 451?
410332
In base 4, what is -10012 + 2011200312?
2011130300
In base 14, what is 261d2 + 310?
26502
In base 8, what is -2 + -2625322?
-2625324
In base 16, what is 432de + -5?
432d9
In base 9, what is -47 - -23707?
23650
In base 14, what is 1c1abc1 + -10?
1c1abb1
In base 4, what is 13011112 + 302210?
13313322
In base 16, what is -b2c3ea5 + -1?
-b2c3ea6
In base 10, what is -1633 - -2059?
426
In base 7, what is -12355 - -203455?
161100
In base 8, what is 5 + 22742034?
22742041
In base 10, what is 40180059 - -1?
40180060
In base 3, what is -2022020120001 + 1010011?
-2022012102220
In base 2, what is -110101110101001110000110010 - -10?
-110101110101001110000110000
In base 8, what is -134 - 2056375?
-2056531
In base 14, what is 7a6 + -431a?
-3954
In base 3, what is 110020202022210 + -200?
110020202022010
In base 6, what is 3521014 + 31?
3521045
In base 14, what is -1 + -93a58?
-93a59
In base 13, what is -206b - -778?
-15c3
In base 9, what is 146668784 + 11?
146668805
In base 5, what is -11 - 421020242?
-421020303
In base 6, what is -545135223 - 5?
-545135232
In base 5, what is 1232032413 - 244?
1232032114
In base 10, what is -7 - -4670501?
4670494
In base 16, what is -40 - 12ede3?
-12ee23
In base 5, what is 221 + 143102020?
143102241
In base 16, what is -8f82 + -579?
-94fb
In base 10, what is 7144 - 5887?
1257
In base 13, what is 237412 - 83?
23735c
In base 12, what is 17482ab4 + 7?
17482abb
In base 16, what is -15 - 423358?
-42336d
In base 6, what is -12021 - 2211522?
-2223543
In base 7, what is 323 + -61165?
-60542
In base 14, what is 2 + 612171b?
612171d
In base 13, what is -126 + c373a1?
c37278
In base 4, what is -103 + -212213033?
-212213202
In base 12, what is -26306a - 27b?
-263329
In base 10, what is 3 + 7190347?
7190350
In base 2, what is -100010001101000 + -11101011001?
-100101111000001
In base 13, what is 18914 + 3bb1?
1c7c5
In base 12, what is -258 + -11989?
-12025
In base 8, what is 25351120 + 7?
25351127
In base 12, what is 445aa1 + -5?
445a98
In base 14, what is c3 - -248995?
248a78
In base 15, what is 9c6eac - -15?
9c6ec2
In base 13, what is -c8a - -78a51?
77a94
In base 7, what is -2013064 - 15?
-2013112
In base 16, what is 764a2f + -8?
764a27
In base 15, what is a4b + -3d2?
669
In base 12, what is -8 + 73ab08?
73ab00
In base 10, what is 261998 + 471?
262469
In base 13, what is 143838 + 25?
143860
In base 9, what is 0 - -24214423?
24214423
In base 15, what is -2dea + -358?
-3253
In base 11, what is -43 - 499694?
-499727
In base 10, what is 342 + 37821?
38163
In base 12, what is -4907 - -9489?
4782
In base 8, what is 2432651 - -15?
2432666
In base 4, what is 1000301 - 110001?
230300
In base 6, what is 1012052 - 2040?
1010012
In base 3, what is -1201210021011 + -201?
-1201210021212
In base 3, what is -2 - 11120100100102000?
-11120100100102002
In base 5, what is 10212 - 13310?
-3043
In base 4, what is 10331231 - 33023?
10232202
In base 3, what is 0 - -11001112002122?
11001112002122
In base 6, what is -4 - -5020500?
5020452
In base 16, what is 170 + 28173?
282e3
In base 15, what is 4020 + 20ba1?
24bc1
In base 4, what is 223230131331213 - 10?
223230131331203
In base 14, what is 7263 - 74?
71cd
In base 16, what is -1 + 85aae4?
85aae3
In base 8, what is -4 - 667147637?
-667147643
In base 9, what is 0 + 868881?
868881
In base 12, what is 505453 + -25?
50542a
In base 5, what is 1140 + 4412023?
4413213
In base 13, what is 2099 - -2c735?
31801
In base 14, what is 5807c5 + a?
5807d1
In base 13, what is -2 + -50534c?
-505351
In base 4, what is -23211201022212 - -11?
-23211201022201
In base 12, what is -8832ab9 + -2?
-8832abb
In base 3, what is -1002111211110 - 110010?
-1002112021120
In base 13, what is 1cc + -1a3a9?
-1a1aa
In base 15, what is 1 + -1355941?
-1355940
In base 2, what is -111011100 - 1100010101111101?
-1100011101011001
In base 6, what is -15 + -115532455?
-115532514
In base 4, what is 2332330313 - -1020?
2332331333
In base 15, what is 54b1a - -1a3d?
56658
In base 15, what is 1d64 + -6184?
-4320
In base 7, what is 3563513 + 1?
3563514
In base 9, what is -4 - -1335540?
1335535
In base 8, what is 2 - -17273706?
17273710
In base 10, what is -123 - 432542?
-432665
In base 4, what is 12021012021 - 112?
12021011303
In base 14, what is -17 + -29278a?
-2927a3
In base 10, what is -474813 - 469?
-475282
In base 8, what is -21660 - 156?
-22036
In base 3, what is -220021 + -110012112?
-111002210
In base 2, what is 100010111100111000011 - 101010?
100010111100110011001
In base 12, what is 9a5 - 4b616?
-4a831
In base 14, what is 203b7 + -3?
203b4
In base 2, what is 1011 - -101000000101011100100?
101000000101011101111
In base 15, what is -27 - 1e3494?
-1e34bb
In base 13, what is -716 + 1c530?
1bb17
In base 9, what is -15 + -358181?
-358206
In base 5, what is 1120 + 124034033?
124040203
In base 13, what is 20578 - 475?
20103
In base 8, what is 2512 - 365?
2125
In base 14, what is -28 + 92a5d1?
92a5a7
In base 15, what is -68b2 - 1ca1?
-8663
In base 7, what is -100 + -31056151?
-31056251
In base 16, what is 542ea + 254?
5453e
In base 16, what is 14f58 + 16b?
150c3
In base 14, what is 24d85 - 1ad?
24bb6
In base 8, what is -105 + -5246613?
-5246720
In base 6, what is -4 + -2443022204?
-2443022212
In base 8, what is -7606130 - -16?
-7606112
In base 14, what is 65 - -acc381?
acc406
In base 7, what is -1 + -42320355?
-42320356
In base 12, what is 4992042 - -2?
4992044
In base 6, what is -52 + 5354400?
5354304
In base 16, what is aba109 + 18?
aba121
In base 9, what is -1765035 - -1?
-1765034
In base 14, what is -11b49c0 + 3?
-11b49bb
In base 7, what is 3361422 - -1063?
3362515
In base 12, what is 4464 + 1884b?
210b3
In base 12, what is 6b52 - 34b2?
3660
In base 11, what is 7 - -157494?
1574a0
In base 12, what is -480932 - -1?
-480931
In base 11, what is 57 + 1921478?
1921524
In base 8, what is 6473237 - -7?
6473246
In base 8, what is -5144731077 - 5?
-5144731104
In base 15, what is -1 - 127473e?
-1274740
In base 11, what is 12690048 - 5?
12690043
In base 13, what is -4 - -7b1854?
7b1850
In base 13, what is -344ba2 + -25?
-344bc7
In base 2, what is 101001 + 1100